tors of j.
2, 19, 43
Suppose 17*w + 3*z = 21*w - 26980, 7*w + 5*z - 47215 = 0. What are the prime factors of w?
5, 19, 71
Suppose 9*v = -5*v + 238. Suppose -v*y + 3016 = -2509. What are the prime factors of y?
5, 13
Let p = 26899 + -15204. What are the prime factors of p?
5, 2339
Let x(j) = 41*j - 1559. List the prime factors of x(48).
409
What are the prime factors of 8/(94 - 6) - (-769720)/55?
3, 5, 311
Suppose 3*o - 2102 = -278. Suppose 6*i - 802 = o. List the prime factors of i.
5, 47
Let g = 34 + -16. Suppose g*s = 8*s. Suppose s = -3*j - 2*t + 198, 34 - 232 = -3*j - 4*t. What are the prime factors of j?
2, 3, 11
Suppose -292*u + 289*u = -4*g + 267739, 7*g + 3*u = 468502. What are the prime factors of g?
66931
Let t(u) be the third derivative of u**6/120 + u**5/12 - u**4/3 - 7*u**3/3 - 39*u**2. Let p be t(-4). Suppose p*d - 369 = 31*d. What are the prime factors of d?
3, 41
Let i = 52 + -4. Let v = i - 35. Suppose -m + v = -5*a, -m - 13 = -2*m + 4*a. List the prime factors of m.
13
Suppose -541*a = -535*a - 37638. List the prime factors of a.
3, 17, 41
Let r be 2/(-2)*19*-5. Let d = r + -63. Let v = d - 23. List the prime factors of v.
3
Let d(x) = -x**3 - x**2 - 2*x - 7. Let l be d(0). Let t(g) be the second derivative of 5*g**4/12 + 3*g**3 + 3*g**2 - 11*g. List the prime factors of t(l).
5
Let t(u) = 278*u + 1087. What are the prime factors of t(10)?
3, 1289
Let q = 182 + -194. What are the prime factors of (131/((-4)/(q/(-3))))/(-1)?
131
Let w(r) = r**3 - 8*r**2 + 38*r - 9. Let n be w(15). Let j = n - 1274. List the prime factors of j.
2, 431
Let n(g) = g**3 - 8*g**2 - 11*g + 19. Let w be n(9). Let v(f) = -w - 21*f**2 + 23*f - 1 + f**3 + 1 + 8. What are the prime factors of v(20)?
67
Suppose -4*f + 900 = -16*f. Let j = f + 75. Suppose j = g + 2*l - 49, -l + 65 = 4*g - 131. What are the prime factors of g?
7
Let v(m) = 179*m - 3. Let n be v(2). Let y be 6*(-1 - 0) - (113 - 1). Let p = y + n. What are the prime factors of p?
3, 79
Let c = -1 - -3. Suppose -c*j - 3*j = -3*j. Suppose -l + 14 + 19 = j. What are the prime factors of l?
3, 11
Suppose 6*m + 109 = 3*m + 2*i, 2*m + 5*i = -41. Let l = -33 - m. Suppose -2*d + 60 + 164 = l. What are the prime factors of d?
2, 7
Let i = 1773 - 1342. List the prime factors of i.
431
Let n(q) = 19*q + 24. Let p be n(4). Let d = -108 + p. What are the prime factors of 43/(0 - 4/d)?
2, 43
Let w = 370 + 1131. Let g = w - 252. What are the prime factors of g?
1249
Let c(g) = -2*g + 36. Suppose -34 - 51 = -5*f. Let m be c(f). What are the prime factors of m - 2 - 1 - -11*5?
2, 3
Let d = -13275 - -20825. What are the prime factors of d?
2, 5, 151
Suppose -121 = z - 5*z - 5*i, 5*z = 5*i + 95. Let y be ((-8)/(-5))/(z/6780). Suppose 1085 = 5*b + 5*x, -4*b + y = -2*b - 4*x. List the prime factors of b.
2, 5, 11
Let w(g) = 3695*g**3 - 74*g**2 + 137*g - 2. What are the prime factors of w(2)?
2, 13, 71
Let h be ((-26)/(-6) - 5)*-4329. Suppose -h = -12*k + 7182. What are the prime factors of k?
839
Let c(p) = 35*p**3 + 4*p**2 - 9*p + 12. Let d be c(2). List the prime factors of d/(6 + -5) - (2 + 2).
2, 11, 13
What are the prime factors of -10 + 459/17 - -39571?
2, 3, 3299
Let q = -44 + 76. Let s(m) = 2*m**2 + 17*m - 11. Let l be s(-10). Let j = q - l. What are the prime factors of j?
13
Suppose -12*q + 18*q = -48. List the prime factors of q - (-13)/2 - 130/(-4).
31
Let i(g) = g**3 - 3*g**2 - 6. Let t be i(5). Let j = 498 - t. List the prime factors of j.
2, 227
Let i be (2 + 8/12)*12/(-8). List the prime factors of (-1373)/i + 6/(-24).
7
Suppose -10*r - 5557 = -11*r - 6*f, -2*r - f + 11147 = 0. List the prime factors of r.
5, 223
Let p = -40609 - -49766. List the prime factors of p.
9157
Suppose -208 = 37*a - 689. List the prime factors of 1473/15 - (-7 + a)/30.
2, 7
Suppose 2*u - 5*s - 10277 = 0, 25*u + 5*s = 30*u - 25715. What are the prime factors of u?
2, 31, 83
Let h be ((-3)/(30/8))/((-4)/(-10)). Let n = -13 - h. Let w(d) = -d**3 - 10*d**2 - 10*d - 9. What are the prime factors of w(n)?
2, 3, 37
Let d(t) = -3*t + 11. Let m be d(2). Suppose -m*n + r - 405 = -2675, 5*r + 931 = 2*n. What are the prime factors of n?
3, 151
Let l(j) = 3*j - 5. Let m be l(7). Let z(k) = -k**3 + 16*k**2 + 18*k - 33. Let i be z(m). Suppose -4*q + i = -225. List the prime factors of q.
2, 3, 5
Let q = 178 - 440. Let k = q - -294. List the prime factors of k.
2
Let v(i) = 26*i + 87. Let o(b) = -b**2 + 25*b + 89. Let d(l) = -2*o(l) + 3*v(l). List the prime factors of d(-18).
227
Let b(q) = -q**2 + 4*q + 24. Let i be b(6). What are the prime factors of i/18 - (-1862)/6?
311
Let z(s) = 114*s**2 - 19*s + 50. List the prime factors of z(-9).
5, 31, 61
What are the prime factors of (6/(-21))/(8852668/885269 - 10)?
11497
Let l = 52258 - 25613. List the prime factors of l.
5, 73
Let g = 93 - 72. Let k(d) = -2*d + 56. Let h be k(g). Suppose -y = -h*y + 1716. What are the prime factors of y?
2, 3, 11
Let w = 110944 + -68335. What are the prime factors of w?
3, 7, 2029
Let i be ((-10)/7)/((-81)/63 - -1). Suppose 0 = -i*v + 1996 - 226. List the prime factors of v.
2, 3, 59
Let h(o) = 255*o**2 - 16*o + 74. List the prime factors of h(5).
3, 11, 193
Let j(b) = -b**3 - 3*b**2 + 3*b - 2. Let u be j(-4). Suppose -h + 8 = -4. List the prime factors of (-1278)/h*(u - 4).
3, 71
Let i(x) = -520*x + 256. List the prime factors of i(-11).
2, 3, 83
Suppose x = 3*b - 2, 0*b + 4*b - 2*x = 0. Suppose b*m - 2448 = -16*m. What are the prime factors of m?
2, 17
Let h(g) = -17*g**3 - 12 - 15*g**3 - g**2 + 30*g**3. Let t be h(0). What are the prime factors of (-4 + 4 + 25/(-4))*t?
3, 5
Let b be (16/(-1) + -2)/(9/6). List the prime factors of (44/b + 2)*-390.
2, 5, 13
Let k = -78 - 135. Let r(w) = 46*w**3 + w**2 + 3*w - 3. Let o be r(2). Let i = k + o. What are the prime factors of i?
2, 3
Let c be (12 - 10)*(1 - (-1 - -1)). Suppose -c*f + 1747 = 333. What are the prime factors of f?
7, 101
Let n(m) = 94*m + 33. Let f(w) = w**3 - 6*w**2 - w + 12. Let q be f(6). What are the prime factors of n(q)?
3, 199
Let r = 2164 - -2335. What are the prime factors of r?
11, 409
Let f be 4/10 + 546/(-15). Suppose 3*n + n - 557 = -5*c, -2*n + 3*c + 251 = 0. Let u = f + n. What are the prime factors of u?
97
Suppose 157 = 3*w + 37. Let z = -40 + w. Suppose 2*p = -4*o - 3*p + 294, -o - 4*p + 79 = z. What are the prime factors of o?
71
Suppose 33*k - 376427 = 573280. List the prime factors of k.
3, 53, 181
Let s be (112/21)/((-6)/(-9) - 1). Let j = s + 59. List the prime factors of j.
43
Let l = 875 - 1465. Let s = -185 - l. List the prime factors of s.
3, 5
Let z(v) = -9*v + 11. Let q be z(4). Let h(b) = b**3 + 23*b**2 - 57*b - 6. List the prime factors of h(q).
13
Let d(z) = 6*z**2 + 3*z + 10. Let k be d(-4). List the prime factors of (-6)/(-9) + k*22/12.
173
Suppose 50*u = 58*u - 5432. Suppose -31*a + 11132 + u = 0. What are the prime factors of a?
3, 127
Let t = -7 - -9. Let a = 3 + t. Suppose -6*x + 451 = a*x. What are the prime factors of x?
41
Suppose -47*v + 2703073 + 3356607 = 63*v. List the prime factors of v.
2, 11, 313
Suppose 0 = -4*y - h - 226, 2*h + 114 = -2*y + h. Suppose 0 = 42*u - 37*u - 480. Let l = u + y. What are the prime factors of l?
2, 5
Suppose -10*s = 26*s - 23976. Suppose 28*y = -s + 6350. List the prime factors of y.
7, 29
Suppose -51*a + 148*a + 420493 = 1311729. List the prime factors of a.
2, 2297
Let q = -732 + 741. Suppose 0 = q*b - 14*b + 175. List the prime factors of b.
5, 7
Suppose -34522*d = -34502*d - 876600. List the prime factors of d.
2, 3, 5, 487
Let p = -262 - -265. Let v(c) = 13*c + 3 - 1 - 1 + 22*c. List the prime factors of v(p).
2, 53
What are the prime factors of 0/1 + 12 + 3643 + -19?
2, 3, 101
Suppose 3*j - 3*m = 201, -5*m - 189 = -3*j + 22. Suppose 2*w - 54 = j. Suppose s = 4*l - 204, -6*s - w = -l - 4*s. List the prime factors of l.
2, 5
Let p be -3 - (2 + (539 - (-3 + 1))). Let l = 1668 + p. List the prime factors of l.
2, 3, 11, 17
Let o = 6044 + 7815. What are the prime factors of o?
13859
List the prime factors of 5032 - ((-2)/(-10))/(8/320).
2, 157
Let u(f) = -10*f - 9. Suppose 0 = -5*m - 15, 0*v - 4*m + 36 = -4*v. What are the prime factors of u(v)?
3, 37
Suppose h - 242 = -l, -6*h + 8*h = -4*l + 474. Let q = h - -339. L